{"id":1573,"date":"2026-02-10T19:13:08","date_gmt":"2026-02-10T19:13:08","guid":{"rendered":"https:\/\/iecomm.com.co\/?product=estacion-de-energia-portatil-jackery-explorer-je-1000d"},"modified":"2026-02-12T13:37:28","modified_gmt":"2026-02-12T13:37:28","slug":"estacion-de-energia-portatil-jackery-explorer-je-1000d","status":"publish","type":"product","link":"https:\/\/iecomm.com.co\/?product=estacion-de-energia-portatil-jackery-explorer-je-1000d","title":{"rendered":"Estaci\u00f3n De Energ\u00eda Port\u00e1til Jackery Explorer Je-1000d"},"content":{"rendered":"<p>IECOMM SAS<br \/>\nSu tienda de Comercio Electr\u00f3nico<br \/>\nImportadores USA<\/p>\n<p>&#8212;&#8212;&#8212;&#8212;&#8212;&#8212;&#8212;&#8212;&#8212;&#8212;&#8212;&#8212;&#8212;<br \/>\n&#8212;&#8212;&#8212;&#8212;&#8212;&#8212;&#8212;&#8212;&#8212;&#8212;&#8212;&#8212;&#8212;<\/p>\n<p>\u00a1S\u00f3lo por este mes!<br \/>\nDescuento adicional iniciando el pago por medio de iecomm.mercado shops . com . co (Plataforma Web Mercadolibre) y finalizando el pago por medio de Mercadolibre, con la seguridad de Mercadolibre y MercadoPago.<\/p>\n<p>&#8212;&#8212;&#8212;&#8212;&#8212;&#8212;&#8212;&#8212;&#8212;&#8212;&#8212;&#8212;&#8212;<br \/>\n&#8212;&#8212;&#8212;&#8212;&#8212;&#8212;&#8212;&#8212;&#8212;&#8212;&#8212;&#8212;&#8212;<\/p>\n<p>Env\u00edo Nacional Gratuito<\/p>\n<p>&#8212;&#8212;&#8212;&#8212;&#8212;&#8212;&#8212;&#8212;&#8212;&#8212;&#8212;&#8212;&#8212;<br \/>\n&#8212;&#8212;&#8212;&#8212;&#8212;&#8212;&#8212;&#8212;&#8212;&#8212;&#8212;&#8212;&#8212;<\/p>\n<p>CARACTER\u00cdSTICAS DEL PRODUCTO:<\/p>\n<p>Potente pero compacto: con una salida de CA de 1,500 W y un pico de sobretensi\u00f3n de 3,000 W, el generador solar 1000 V2 puede alimentar m\u00faltiples electrodom\u00e9sticos, incluyendo unidades de CA, refrigeradores y ollas el\u00e9ctricas. Con una capacidad de 1,070 Wh y una construcci\u00f3n ligera de solo 23.8 libras, junto con un mango plegable, es un excelente compa\u00f1ero para acampar al aire libre, viajes por carretera o emergencias.<\/p>\n<p>Carga r\u00e1pida de una hora: carga tu central el\u00e9ctrica port\u00e1til Explorer 1000 v2 de 0% a 100% de nivel de bater\u00eda en solo una hora con la carga de emergencia activada a trav\u00e9s de la aplicaci\u00f3n Jackery App.<br \/>\nEl valor predeterminado es de 1,7 horas para una carga completa para optimizar el estado de la bater\u00eda. Dise\u00f1ada con la avanzada tecnolog\u00eda ChargeShield 2.0, esta central el\u00e9ctrica se carga de forma m\u00e1s segura, r\u00e1pida e inteligente.<\/p>\n<p>Vida \u00fatil de 10 a\u00f1os: la central el\u00e9ctrica port\u00e1til Explorer 1000 v2 est\u00e1 equipada con una bater\u00eda LFP duradera, manteniendo m\u00e1s del 70% de su capacidad original incluso despu\u00e9s de 4.000 ciclos de carga, ofreciendo una longevidad superior a 10 a\u00f1os.<\/p>\n<p>Adaptado para la versatilidad: con dos puertos USB-C, un puerto USB-A, un puerto para autom\u00f3vil de CC y tres puertos de CA de onda sinusoidal pura, junto con luces LED, el generador solar 1000 V2 es capaz de cargar m\u00faltiples dispositivos simult\u00e1neamente, satisfaciendo las necesidades de energ\u00eda en varios escenarios. La carga r\u00e1pida USB-C PD de 100 W garantiza una velocidad de carga r\u00e1pida, incluso sin adaptadores de corriente.<\/p>\n<p>Control inteligente de aplicaciones: cambia sin esfuerzo entre diferentes modos de carga con la aplicaci\u00f3n Jackery, incluida una carga de emergencia de una hora de 0 a 100%, modo de carga nocturna silenciosa de 30 dB y modo de eficiencia energ\u00e9tica. Maximice la libertad de ajustar la central el\u00e9ctrica para satisfacer sus necesidades.<\/p>\n<p>Lo que obtienes: 1 Explorer 1000 v2, 1 manual de usuario (idioma espa\u00f1ol no garantizado), 1 cable de carga de CA. Para disfrutar de la s\u00faper carga de 1 hora, habilita la funci\u00f3n de carga de emergencia en la aplicaci\u00f3n Jackery antes de cargar cada vez. El E1000v2 tiene un modo de carga de 1,7 horas para optimizar el estado de la bater\u00eda)<br \/>\nF\u00e1cil de usar: Aparato de limpieza y limpieza de pelo.<\/p>\n<p>&#8212;&#8212;&#8212;&#8212;&#8212;&#8212;&#8212;&#8212;&#8212;&#8212;&#8212;&#8212;&#8212;<br \/>\n&#8212;&#8212;&#8212;&#8212;&#8212;&#8212;&#8212;&#8212;&#8212;&#8212;&#8212;&#8212;&#8212;<\/p>\n<p>INFORMACI\u00d3N IMPORTANTE<br \/>\nSomos facilitadores de comercio exterior, traemos productos desde el exterior para ti y se realiza el proceso con proveedores internacionales. Por lo anterior, pueden existir variaciones de stock y\/o precio, como resultado de la actualizaci\u00f3n autom\u00e1tica realizada diariamente. De presentarse lo anterior, realizamos la devoluci\u00f3n total de su dinero.<br \/>\nPara cambio en talla, color y\/o referencia, contacte con nuestro Servicio al Cliente dentro de las 24 horas siguientes a la generaci\u00f3n de la orden.<\/p>\n<p>PREGUNTAS FRECUENTES<br \/>\n\u00bfTIENE ALGUNA GARANTIA?<br \/>\nNuestros proveedores nos ofrecen garant\u00eda por defectos de fabricaci\u00f3n de 30 d\u00edas la cual extendemos a nuestros clientes.<br \/>\nNo aplicar\u00e1 garant\u00eda en caso de evidenciarse un mal uso por parte del cliente.<\/p>\n<p>\u00bfQUE PUEDO HACER EN CASO DE RETRACTARME DE MI COMPRA?<br \/>\nEn caso de no desear el producto recibido, puede realizar la devoluci\u00f3n dentro de un periodo no mayor a 5 d\u00edas, a partir de la entrega del producto y el comprador debe asumir el costo de retorno al pa\u00eds de origen de la mercanc\u00eda (El costo var\u00eda de acuerdo a Peso y Tama\u00f1o del producto).<\/p>\n<p>\u00a1Gracias por visitar nuestra Tienda, Somos la mejor opci\u00f3n!<\/p>\n","protected":false},"excerpt":{"rendered":"<p>IECOMM SAS Su tienda de Comercio Electr\u00f3nico Importadores USA &#8212;&#8212;&#8212;&#8212;&#8212;&#8212;&#8212;&#8212;&#8212;&#8212;&#8212;&#8212;&#8212; &#8212;&#8212;&#8212;&#8212;&#8212;&#8212;&#8212;&#8212;&#8212;&#8212;&#8212;&#8212;&#8212; \u00a1S\u00f3lo por este mes! Descuento adicional iniciando el pago por medio de iecomm.mercado shops . com . co (Plataforma Web Mercadolibre) y finalizando el pago por medio de Mercadolibre, con la seguridad de Mercadolibre y MercadoPago. &#8212;&#8212;&#8212;&#8212;&#8212;&#8212;&#8212;&#8212;&#8212;&#8212;&#8212;&#8212;&#8212; &#8212;&#8212;&#8212;&#8212;&#8212;&#8212;&#8212;&#8212;&#8212;&#8212;&#8212;&#8212;&#8212; Env\u00edo Nacional Gratuito &#8212;&#8212;&#8212;&#8212;&#8212;&#8212;&#8212;&#8212;&#8212;&#8212;&#8212;&#8212;&#8212; &#8212;&#8212;&#8212;&#8212;&#8212;&#8212;&#8212;&#8212;&#8212;&#8212;&#8212;&#8212;&#8212; CARACTER\u00cdSTICAS [&hellip;]<\/p>\n","protected":false},"featured_media":1572,"comment_status":"open","ping_status":"closed","template":"","meta":[],"product_brand":[],"product_cat":[15],"product_tag":[],"class_list":{"0":"post-1573","1":"product","2":"type-product","3":"status-publish","4":"has-post-thumbnail","6":"product_cat-uncategorized","8":"first","9":"instock","10":"sale","11":"shipping-taxable","12":"purchasable","13":"product-type-simple"},"_links":{"self":[{"href":"https:\/\/iecomm.com.co\/index.php?rest_route=\/wp\/v2\/product\/1573","targetHints":{"allow":["GET"]}}],"collection":[{"href":"https:\/\/iecomm.com.co\/index.php?rest_route=\/wp\/v2\/product"}],"about":[{"href":"https:\/\/iecomm.com.co\/index.php?rest_route=\/wp\/v2\/types\/product"}],"replies":[{"embeddable":true,"href":"https:\/\/iecomm.com.co\/index.php?rest_route=%2Fwp%2Fv2%2Fcomments&post=1573"}],"wp:featuredmedia":[{"embeddable":true,"href":"https:\/\/iecomm.com.co\/index.php?rest_route=\/wp\/v2\/media\/1572"}],"wp:attachment":[{"href":"https:\/\/iecomm.com.co\/index.php?rest_route=%2Fwp%2Fv2%2Fmedia&parent=1573"}],"wp:term":[{"taxonomy":"product_brand","embeddable":true,"href":"https:\/\/iecomm.com.co\/index.php?rest_route=%2Fwp%2Fv2%2Fproduct_brand&post=1573"},{"taxonomy":"product_cat","embeddable":true,"href":"https:\/\/iecomm.com.co\/index.php?rest_route=%2Fwp%2Fv2%2Fproduct_cat&post=1573"},{"taxonomy":"product_tag","embeddable":true,"href":"https:\/\/iecomm.com.co\/index.php?rest_route=%2Fwp%2Fv2%2Fproduct_tag&post=1573"}],"curies":[{"name":"wp","href":"https:\/\/api.w.org\/{rel}","templated":true}]}}