{"id":1683,"date":"2026-02-10T19:14:43","date_gmt":"2026-02-10T19:14:43","guid":{"rendered":"https:\/\/iecomm.com.co\/?product=set-mini-te-infantil-bateria-juego-cocina-juguete-ninas-blanco"},"modified":"2026-02-12T13:37:26","modified_gmt":"2026-02-12T13:37:26","slug":"set-mini-te-infantil-bateria-juego-cocina-juguete-ninas-blanco","status":"publish","type":"product","link":"https:\/\/iecomm.com.co\/?product=set-mini-te-infantil-bateria-juego-cocina-juguete-ninas-blanco","title":{"rendered":"Set Mini Te Infantil Bater\u00eda Juego Cocina Juguete Ni\u00f1as Blanco"},"content":{"rendered":"<p>IECOMM SAS<br \/>\nSu tienda de Comercio Electr\u00f3nico<br \/>\nImportadores USA<\/p>\n<p>&#8212;&#8212;&#8212;&#8212;&#8212;&#8212;&#8212;&#8212;&#8212;&#8212;&#8212;&#8212;&#8212;<br \/>\n&#8212;&#8212;&#8212;&#8212;&#8212;&#8212;&#8212;&#8212;&#8212;&#8212;&#8212;&#8212;&#8212;<\/p>\n<p>\u00a1Est\u00e1 invitado a una fiesta de t\u00e9, donde la imaginaci\u00f3n y el juego de simulaci\u00f3n gobernar\u00e1n! \u00a1Dale a tu hija el regalo de la fantas\u00eda con este juego de t\u00e9 encantador y pintado con colores brillantes!<br \/>\nEncantador juego de t\u00e9 dise\u00f1ado para fingir fiestas de t\u00e9.<br \/>\nFomentar el pensamiento creativo y el juego imaginativo<br \/>\nF\u00e1cil de sostener, tama\u00f1o perfecto para las manos de su hija.<br \/>\nSeguro para ni\u00f1as mayores de 3 a\u00f1os<br \/>\nEste juego de t\u00e9 musical es perfecto para el juego imaginativo, ayudando al desarrollo y potenciando las habilidades sociales.<br \/>\n\u00a1este juego brindar\u00e1 a cualquier ni\u00f1o horas de diversi\u00f3n creativa!<\/p>\n<p>Caracter\u00edsticas:<br \/>\nJuego de t\u00e9<br \/>\nEdad 3+<br \/>\nDimensiones Tetera ( Alto x Ancho x Largo) : 10 cm x 15 cm x 6 cm<br \/>\nDimensiones de los pocillos: Alto 5 x ancho 7 cm<br \/>\nDminsiones de los platos: 9 de diametro<br \/>\nDimensiones del paquete: 46 x 32 x 8,5 cm.<\/p>\n<p>Cuenta con 25 piezas<\/p>\n<p>Contenido:<br \/>\ntetera<br \/>\njarra<br \/>\nazucarero<br \/>\n4 pocillos<br \/>\n4 cucharas<br \/>\n4 tenedores<br \/>\n4 cuchillos<br \/>\n4 platos<br \/>\n2 tapas<\/p>\n<p>&#8212;&#8212;&#8212;&#8212;&#8212;&#8212;&#8212;&#8212;&#8212;&#8212;&#8212;&#8212;&#8212;<br \/>\n&#8212;&#8212;&#8212;&#8212;&#8212;&#8212;&#8212;&#8212;&#8212;&#8212;&#8212;&#8212;&#8212;<\/p>\n<p>INFORMACI\u00d3N IMPORTANTE<br \/>\nSomos facilitadores de comercio exterior, traemos productos desde el exterior para ti y se realiza el proceso con proveedores internacionales. Por lo anterior, pueden existir variaciones de stock y\/o precio, como resultado de la actualizaci\u00f3n autom\u00e1tica realizada diariamente. De presentarse lo anterior, realizamos la devoluci\u00f3n total de su dinero.<br \/>\nPara cambio en talla, color y\/o referencia, contacte con nuestro Servicio al Cliente dentro de las 24 horas siguientes a la generaci\u00f3n de la orden.<\/p>\n<p>PREGUNTAS FRECUENTES<br \/>\n\u00bfTIENE ALGUNA GARANTIA?<br \/>\nNuestros proveedores nos ofrecen garant\u00eda por defectos de fabricaci\u00f3n de 30 d\u00edas la cual extendemos a nuestros clientes.<br \/>\nNo aplicar\u00e1 garant\u00eda en caso de evidenciarse un mal uso por parte del cliente.<\/p>\n<p>\u00bfQUE PUEDO HACER EN CASO DE RETRACTARME DE MI COMPRA?<br \/>\nEn caso de no desear el producto recibido, puede realizar la devoluci\u00f3n dentro de un periodo no mayor a 5 d\u00edas, a partir de la entrega del producto y el comprador debe asumir el costo de retorno al pa\u00eds de origen de la mercanc\u00eda (El costo var\u00eda de acuerdo a Peso y Tama\u00f1o del producto).<\/p>\n<p>\u00a1Gracias por visitar nuestra Tienda, Somos la mejor opci\u00f3n!<\/p>\n","protected":false},"excerpt":{"rendered":"<p>IECOMM SAS Su tienda de Comercio Electr\u00f3nico Importadores USA &#8212;&#8212;&#8212;&#8212;&#8212;&#8212;&#8212;&#8212;&#8212;&#8212;&#8212;&#8212;&#8212; &#8212;&#8212;&#8212;&#8212;&#8212;&#8212;&#8212;&#8212;&#8212;&#8212;&#8212;&#8212;&#8212; \u00a1Est\u00e1 invitado a una fiesta de t\u00e9, donde la imaginaci\u00f3n y el juego de simulaci\u00f3n gobernar\u00e1n! \u00a1Dale a tu hija el regalo de la fantas\u00eda con este juego de t\u00e9 encantador y pintado con colores brillantes! Encantador juego de t\u00e9 dise\u00f1ado para fingir fiestas [&hellip;]<\/p>\n","protected":false},"featured_media":1682,"comment_status":"open","ping_status":"closed","template":"","meta":[],"product_brand":[],"product_cat":[15],"product_tag":[],"class_list":{"0":"post-1683","1":"product","2":"type-product","3":"status-publish","4":"has-post-thumbnail","6":"product_cat-uncategorized","8":"first","9":"instock","10":"sale","11":"shipping-taxable","12":"purchasable","13":"product-type-simple"},"_links":{"self":[{"href":"https:\/\/iecomm.com.co\/index.php?rest_route=\/wp\/v2\/product\/1683","targetHints":{"allow":["GET"]}}],"collection":[{"href":"https:\/\/iecomm.com.co\/index.php?rest_route=\/wp\/v2\/product"}],"about":[{"href":"https:\/\/iecomm.com.co\/index.php?rest_route=\/wp\/v2\/types\/product"}],"replies":[{"embeddable":true,"href":"https:\/\/iecomm.com.co\/index.php?rest_route=%2Fwp%2Fv2%2Fcomments&post=1683"}],"wp:featuredmedia":[{"embeddable":true,"href":"https:\/\/iecomm.com.co\/index.php?rest_route=\/wp\/v2\/media\/1682"}],"wp:attachment":[{"href":"https:\/\/iecomm.com.co\/index.php?rest_route=%2Fwp%2Fv2%2Fmedia&parent=1683"}],"wp:term":[{"taxonomy":"product_brand","embeddable":true,"href":"https:\/\/iecomm.com.co\/index.php?rest_route=%2Fwp%2Fv2%2Fproduct_brand&post=1683"},{"taxonomy":"product_cat","embeddable":true,"href":"https:\/\/iecomm.com.co\/index.php?rest_route=%2Fwp%2Fv2%2Fproduct_cat&post=1683"},{"taxonomy":"product_tag","embeddable":true,"href":"https:\/\/iecomm.com.co\/index.php?rest_route=%2Fwp%2Fv2%2Fproduct_tag&post=1683"}],"curies":[{"name":"wp","href":"https:\/\/api.w.org\/{rel}","templated":true}]}}