{"id":1805,"date":"2026-02-10T19:16:38","date_gmt":"2026-02-10T19:16:38","guid":{"rendered":"https:\/\/iecomm.com.co\/?product=sonajero-luces-sonido-animales-didactico-estimulacion-bebe-animales"},"modified":"2026-02-12T13:37:25","modified_gmt":"2026-02-12T13:37:25","slug":"sonajero-luces-sonido-animales-didactico-estimulacion-bebe-animales","status":"publish","type":"product","link":"https:\/\/iecomm.com.co\/?product=sonajero-luces-sonido-animales-didactico-estimulacion-bebe-animales","title":{"rendered":"Sonajero Luces Sonido Animales Did\u00e1ctico Estimulaci\u00f3n Beb\u00e9 Animales"},"content":{"rendered":"<p>IECOMM SAS<br \/>\nSu tienda de Comercio Electr\u00f3nico<br \/>\nImportadores USA<\/p>\n<p>&#8212;&#8212;&#8212;&#8212;&#8212;&#8212;&#8212;&#8212;&#8212;&#8212;&#8212;&#8212;&#8212;<br \/>\n&#8212;&#8212;&#8212;&#8212;&#8212;&#8212;&#8212;&#8212;&#8212;&#8212;&#8212;&#8212;&#8212;<\/p>\n<p>Contiene: <\/p>\n<p>Para el encendido del juguete se debe dejar presionado el bot\u00f3n durante 3 segundos.<\/p>\n<p>EL PAQUETE CONTIENE 1 SONAJERO, MODELO SUJETO A DISPONIBILIDAD*<\/p>\n<p>Caracter\u00edsticas destacadas:<\/p>\n<p>Color atractivo<br \/>\nMaterial seguro<br \/>\nContiene luces y sonidos<br \/>\nHermosos dise\u00f1os de: Jirafa, Conejo, Gallina, Gato, Koala<br \/>\nLuz parpadeante<br \/>\nSensor interno<br \/>\nDise\u00f1o liviano (55-75 g) con material libre de pinturas<br \/>\nMordedor incluido<br \/>\nEdad recomendada: 6-12 Meses}<\/p>\n<p>Dimensiones producto: 14,8 Cm x 9 Cm x 5,3 Cm aprox.<\/p>\n<p>Rese\u00f1a del producto: <\/p>\n<p>\u00a1Tu beb\u00e9 no se aburrir\u00e1 m\u00e1s gracias a este hermoso sonajero! Estimula los sentidos de tu peque\u00f1o con esta divertida pandilla de animales y sus colores vibrantes y sonidos relajantes. Lleva el sonajero a cualquier lugar y mant\u00e9n entretenido a tu beb\u00e9 mientras descubre los dise\u00f1os \u00fanicos.<\/p>\n<p>&#8212;&#8212;&#8212;&#8212;&#8212;&#8212;&#8212;&#8212;&#8212;&#8212;&#8212;&#8212;&#8212;<br \/>\n&#8212;&#8212;&#8212;&#8212;&#8212;&#8212;&#8212;&#8212;&#8212;&#8212;&#8212;&#8212;&#8212;<\/p>\n<p>INFORMACI\u00d3N IMPORTANTE<br \/>\nSomos facilitadores de comercio exterior, traemos productos desde el exterior para ti y se realiza el proceso con proveedores internacionales. Por lo anterior, pueden existir variaciones de stock y\/o precio, como resultado de la actualizaci\u00f3n autom\u00e1tica realizada diariamente. De presentarse lo anterior, realizamos la devoluci\u00f3n total de su dinero.<br \/>\nPara cambio en talla, color y\/o referencia, contacte con nuestro Servicio al Cliente dentro de las 24 horas siguientes a la generaci\u00f3n de la orden.<\/p>\n<p>PREGUNTAS FRECUENTES<br \/>\n\u00bfTIENE ALGUNA GARANTIA?<br \/>\nNuestros proveedores nos ofrecen garant\u00eda por defectos de fabricaci\u00f3n de 30 d\u00edas la cual extendemos a nuestros clientes.<br \/>\nNo aplicar\u00e1 garant\u00eda en caso de evidenciarse un mal uso por parte del cliente.<\/p>\n<p>\u00bfQUE PUEDO HACER EN CASO DE RETRACTARME DE MI COMPRA?<br \/>\nEn caso de no desear el producto recibido, puede realizar la devoluci\u00f3n dentro de un periodo no mayor a 5 d\u00edas, a partir de la entrega del producto y el comprador debe asumir el costo de retorno al pa\u00eds de origen de la mercanc\u00eda (El costo var\u00eda de acuerdo a Peso y Tama\u00f1o del producto).<\/p>\n<p>\u00a1Gracias por visitar nuestra Tienda, Somos la mejor opci\u00f3n!<\/p>\n","protected":false},"excerpt":{"rendered":"<p>IECOMM SAS Su tienda de Comercio Electr\u00f3nico Importadores USA &#8212;&#8212;&#8212;&#8212;&#8212;&#8212;&#8212;&#8212;&#8212;&#8212;&#8212;&#8212;&#8212; &#8212;&#8212;&#8212;&#8212;&#8212;&#8212;&#8212;&#8212;&#8212;&#8212;&#8212;&#8212;&#8212; Contiene: Para el encendido del juguete se debe dejar presionado el bot\u00f3n durante 3 segundos. EL PAQUETE CONTIENE 1 SONAJERO, MODELO SUJETO A DISPONIBILIDAD* Caracter\u00edsticas destacadas: Color atractivo Material seguro Contiene luces y sonidos Hermosos dise\u00f1os de: Jirafa, Conejo, Gallina, Gato, Koala Luz parpadeante [&hellip;]<\/p>\n","protected":false},"featured_media":1804,"comment_status":"open","ping_status":"closed","template":"","meta":[],"product_brand":[],"product_cat":[15],"product_tag":[],"class_list":{"0":"post-1805","1":"product","2":"type-product","3":"status-publish","4":"has-post-thumbnail","6":"product_cat-uncategorized","8":"first","9":"instock","10":"sale","11":"shipping-taxable","12":"purchasable","13":"product-type-simple"},"_links":{"self":[{"href":"https:\/\/iecomm.com.co\/index.php?rest_route=\/wp\/v2\/product\/1805","targetHints":{"allow":["GET"]}}],"collection":[{"href":"https:\/\/iecomm.com.co\/index.php?rest_route=\/wp\/v2\/product"}],"about":[{"href":"https:\/\/iecomm.com.co\/index.php?rest_route=\/wp\/v2\/types\/product"}],"replies":[{"embeddable":true,"href":"https:\/\/iecomm.com.co\/index.php?rest_route=%2Fwp%2Fv2%2Fcomments&post=1805"}],"wp:featuredmedia":[{"embeddable":true,"href":"https:\/\/iecomm.com.co\/index.php?rest_route=\/wp\/v2\/media\/1804"}],"wp:attachment":[{"href":"https:\/\/iecomm.com.co\/index.php?rest_route=%2Fwp%2Fv2%2Fmedia&parent=1805"}],"wp:term":[{"taxonomy":"product_brand","embeddable":true,"href":"https:\/\/iecomm.com.co\/index.php?rest_route=%2Fwp%2Fv2%2Fproduct_brand&post=1805"},{"taxonomy":"product_cat","embeddable":true,"href":"https:\/\/iecomm.com.co\/index.php?rest_route=%2Fwp%2Fv2%2Fproduct_cat&post=1805"},{"taxonomy":"product_tag","embeddable":true,"href":"https:\/\/iecomm.com.co\/index.php?rest_route=%2Fwp%2Fv2%2Fproduct_tag&post=1805"}],"curies":[{"name":"wp","href":"https:\/\/api.w.org\/{rel}","templated":true}]}}