{"id":1853,"date":"2026-02-10T19:17:22","date_gmt":"2026-02-10T19:17:22","guid":{"rendered":"https:\/\/iecomm.com.co\/?product=manguera-jardin-30-metros-expandible-3-generacion-patentada-negro"},"modified":"2026-02-12T13:37:24","modified_gmt":"2026-02-12T13:37:24","slug":"manguera-jardin-30-metros-expandible-3-generacion-patentada-negro","status":"publish","type":"product","link":"https:\/\/iecomm.com.co\/?product=manguera-jardin-30-metros-expandible-3-generacion-patentada-negro","title":{"rendered":"Manguera Jard\u00edn 30 Metros Expandible 3\u00b0 Generaci\u00f3n Patentada Negro"},"content":{"rendered":"<p>IECOMM SAS<br \/>\nSu tienda de Comercio Electr\u00f3nico<br \/>\nImportadores USA<\/p>\n<p>&#8212;&#8212;&#8212;&#8212;&#8212;&#8212;&#8212;&#8212;&#8212;&#8212;&#8212;&#8212;&#8212;<br \/>\n&#8212;&#8212;&#8212;&#8212;&#8212;&#8212;&#8212;&#8212;&#8212;&#8212;&#8212;&#8212;&#8212;<\/p>\n<p>&#8212;&#8212;&#8212;&#8212;&#8212;&#8212;&#8212;&#8212;&#8212;&#8212;&#8212;&#8212;&#8212;<br \/>\n&#8212;&#8212;&#8212;&#8212;&#8212;&#8212;&#8212;&#8212;&#8212;&#8212;&#8212;&#8212;&#8212;<\/p>\n<p>Env\u00edo Nacional Gratuito<\/p>\n<p>&#8212;&#8212;&#8212;&#8212;&#8212;&#8212;&#8212;&#8212;&#8212;&#8212;&#8212;&#8212;&#8212;<br \/>\n&#8212;&#8212;&#8212;&#8212;&#8212;&#8212;&#8212;&#8212;&#8212;&#8212;&#8212;&#8212;&#8212;<\/p>\n<p>CARACTER\u00cdSTICAS DEL PRODUCTO:<\/p>\n<p>Manguera de jard\u00edn expandible de 2.5 veces mejorada: la manguera de jard\u00edn flexible se expande a 100 pies cuando la presi\u00f3n del agua est\u00e1 encendida y se encoge r\u00e1pidamente para almacenamiento cuando el agua retrocede. Consejo: Drene el agua de la manguera cuando no est\u00e9 en uso (apague el grifo y abra la boquilla de la manguera durante unos segundos) y gu\u00e1rdelo en un lugar fresco y seco.<br \/>\nInnovadora manguera de jard\u00edn de goma nanom\u00e9trica: la manguera de jard\u00edn Lefree cuenta con una construcci\u00f3n de nanorubber de 40 capas con capas interiores y exteriores integradas, est\u00e1 hecha de goma natural innovadora de alta densidad e hilo de fibra tejida de poli\u00e9ster resistente a las explosiones. La capa exterior est\u00e1 compuesta de nanomaterial antienvejecimiento resistente a la suciedad y a la abrasi\u00f3n, para eliminar burbujas, evitar roturas y fugas de la manguera.<br \/>\nNo m\u00e1s fugas: esta manguera de jard\u00edn est\u00e1 dise\u00f1ada para ser libre de enredos, a prueba de fugas, f\u00e1cil de usar e instalar y ligera. Cuenta con un dise\u00f1o especial antienredos que reduce significativamente los nudos y enredos durante el uso. Esta manguera de jard\u00edn retr\u00e1ctil incluye un conector de lat\u00f3n a prueba de fugas de 3\/4 pulgadas resistente a la corrosi\u00f3n, v\u00e1lvula de cierre y arandela de goma, lo que garantiza una conexi\u00f3n segura y sin fugas a la fuente de agua.<br \/>\nManguera flexible y ligera: nuestra manguera de jard\u00edn de 100 pies pesa menos de 4.8 libras, por lo que es port\u00e1til y f\u00e1cil de almacenar. La manguera flexible es m\u00e1s duradera y f\u00e1cil de usar en comparaci\u00f3n con las mangueras cubiertas de tela regulares. La manguera de agua est\u00e1 disponible en varias longitudes para que usted elija. Facilita la maniobra y la navegaci\u00f3n alrededor de los obst\u00e1culos en el jard\u00edn.<\/p>\n<p>&#8212;&#8212;&#8212;&#8212;&#8212;&#8212;&#8212;&#8212;&#8212;&#8212;&#8212;&#8212;&#8212;<br \/>\n&#8212;&#8212;&#8212;&#8212;&#8212;&#8212;&#8212;&#8212;&#8212;&#8212;&#8212;&#8212;&#8212;<\/p>\n<p>INFORMACI\u00d3N IMPORTANTE<br \/>\nSomos facilitadores de comercio exterior, traemos productos desde el exterior para ti y se realiza el proceso con proveedores internacionales. Por lo anterior, pueden existir variaciones de stock y\/o precio, como resultado de la actualizaci\u00f3n autom\u00e1tica realizada diariamente. De presentarse lo anterior, realizamos la devoluci\u00f3n total de su dinero.<br \/>\nPara cambio en talla, color y\/o referencia, contacte con nuestro Servicio al Cliente dentro de las 24 horas siguientes a la generaci\u00f3n de la orden.<\/p>\n<p>PREGUNTAS FRECUENTES<br \/>\n\u00bfTIENE ALGUNA GARANTIA?<br \/>\nNuestros proveedores nos ofrecen garant\u00eda por defectos de fabricaci\u00f3n de 30 d\u00edas la cual extendemos a nuestros clientes.<br \/>\nNo aplicar\u00e1 garant\u00eda en caso de evidenciarse un mal uso por parte del cliente.<\/p>\n<p>\u00bfQUE PUEDO HACER EN CASO DE RETRACTARME DE MI COMPRA?<br \/>\nEn caso de no desear el producto recibido, puede realizar la devoluci\u00f3n dentro de un periodo no mayor a 5 d\u00edas, a partir de la entrega del producto y el comprador debe asumir el costo de retorno al pa\u00eds de origen de la mercanc\u00eda (El costo var\u00eda de acuerdo a Peso y Tama\u00f1o del producto).<\/p>\n<p>\u00a1Gracias por visitar nuestra Tienda, Somos la mejor opci\u00f3n!<\/p>\n","protected":false},"excerpt":{"rendered":"<p>IECOMM SAS Su tienda de Comercio Electr\u00f3nico Importadores USA &#8212;&#8212;&#8212;&#8212;&#8212;&#8212;&#8212;&#8212;&#8212;&#8212;&#8212;&#8212;&#8212; &#8212;&#8212;&#8212;&#8212;&#8212;&#8212;&#8212;&#8212;&#8212;&#8212;&#8212;&#8212;&#8212; &#8212;&#8212;&#8212;&#8212;&#8212;&#8212;&#8212;&#8212;&#8212;&#8212;&#8212;&#8212;&#8212; &#8212;&#8212;&#8212;&#8212;&#8212;&#8212;&#8212;&#8212;&#8212;&#8212;&#8212;&#8212;&#8212; Env\u00edo Nacional Gratuito &#8212;&#8212;&#8212;&#8212;&#8212;&#8212;&#8212;&#8212;&#8212;&#8212;&#8212;&#8212;&#8212; &#8212;&#8212;&#8212;&#8212;&#8212;&#8212;&#8212;&#8212;&#8212;&#8212;&#8212;&#8212;&#8212; CARACTER\u00cdSTICAS DEL PRODUCTO: Manguera de jard\u00edn expandible de 2.5 veces mejorada: la manguera de jard\u00edn flexible se expande a 100 pies cuando la presi\u00f3n del agua est\u00e1 encendida y se encoge r\u00e1pidamente para almacenamiento cuando el agua [&hellip;]<\/p>\n","protected":false},"featured_media":1852,"comment_status":"open","ping_status":"closed","template":"","meta":[],"product_brand":[],"product_cat":[15],"product_tag":[],"class_list":{"0":"post-1853","1":"product","2":"type-product","3":"status-publish","4":"has-post-thumbnail","6":"product_cat-uncategorized","8":"first","9":"instock","10":"sale","11":"shipping-taxable","12":"purchasable","13":"product-type-simple"},"_links":{"self":[{"href":"https:\/\/iecomm.com.co\/index.php?rest_route=\/wp\/v2\/product\/1853","targetHints":{"allow":["GET"]}}],"collection":[{"href":"https:\/\/iecomm.com.co\/index.php?rest_route=\/wp\/v2\/product"}],"about":[{"href":"https:\/\/iecomm.com.co\/index.php?rest_route=\/wp\/v2\/types\/product"}],"replies":[{"embeddable":true,"href":"https:\/\/iecomm.com.co\/index.php?rest_route=%2Fwp%2Fv2%2Fcomments&post=1853"}],"wp:featuredmedia":[{"embeddable":true,"href":"https:\/\/iecomm.com.co\/index.php?rest_route=\/wp\/v2\/media\/1852"}],"wp:attachment":[{"href":"https:\/\/iecomm.com.co\/index.php?rest_route=%2Fwp%2Fv2%2Fmedia&parent=1853"}],"wp:term":[{"taxonomy":"product_brand","embeddable":true,"href":"https:\/\/iecomm.com.co\/index.php?rest_route=%2Fwp%2Fv2%2Fproduct_brand&post=1853"},{"taxonomy":"product_cat","embeddable":true,"href":"https:\/\/iecomm.com.co\/index.php?rest_route=%2Fwp%2Fv2%2Fproduct_cat&post=1853"},{"taxonomy":"product_tag","embeddable":true,"href":"https:\/\/iecomm.com.co\/index.php?rest_route=%2Fwp%2Fv2%2Fproduct_tag&post=1853"}],"curies":[{"name":"wp","href":"https:\/\/api.w.org\/{rel}","templated":true}]}}