{"id":1857,"date":"2026-02-10T19:17:26","date_gmt":"2026-02-10T19:17:26","guid":{"rendered":"https:\/\/iecomm.com.co\/?product=berberina-60-caps-1500mg-max-po-sin-sabor"},"modified":"2026-02-12T13:37:24","modified_gmt":"2026-02-12T13:37:24","slug":"berberina-60-caps-1500mg-max-po-sin-sabor","status":"publish","type":"product","link":"https:\/\/iecomm.com.co\/?product=berberina-60-caps-1500mg-max-po-sin-sabor","title":{"rendered":"Berberina 60 Caps 1500mg Max Po Sin Sabor"},"content":{"rendered":"<p>IECOMM SAS<br \/>\nComercio Electronico Internacional<br \/>\nImportadores USA<\/p>\n<p>&#8212;&#8212;&#8212;&#8212;&#8212;&#8212;&#8212;&#8212;&#8212;&#8212;&#8212;&#8212;&#8212;<br \/>\n&#8212;&#8212;&#8212;&#8212;&#8212;&#8212;&#8212;&#8212;&#8212;&#8212;&#8212;&#8212;&#8212;<\/p>\n<p>Env\u00edo Nacional Gratuito<br \/>\nEntregas 5 y 8 d\u00edas h\u00e1biles<br \/>\nPuede variar seg\u00fan disponibilidad<br \/>\nNo tenemos entrega Inmediata<\/p>\n<p>CARACTER\u00cdSTICAS DEL PRODUCTO:<\/p>\n<p>Super Fuerza con Berberina 500mg: Berberine HCl es un compuesto derivado de varias plantas, incluidas las ra\u00edces y la corteza de ciertas especies de Berberis, como Berberis Aristata, Berberis Vulgaris (agracejo) y otras plantas como Goldenseal, vv. Berberine Supplements ha sido estudiado por su capacidad para apoyar el sistema inmunol\u00f3gico, la salud cardiovascular, la funci\u00f3n gastrointestinal, el cuerpo equilibrado y el bienestar general.<\/p>\n<p>Alto extracto de corteza de canela de Ceil\u00e1n org\u00e1nica: Ceil\u00e1n, tambi\u00e9n conocido como &#8220;canela verdadera&#8221;, es un tipo de canela derivada de la corteza interna del Cinnamomum. La investigaci\u00f3n muestra que la canela de Ceil\u00e1n 500 mg es rica en beneficios para apoyar la salud del coraz\u00f3n, el manejo del cuerpo, el sistema digestivo, la funci\u00f3n cognitiva y la salud oral en general.<\/p>\n<p>La combinaci\u00f3n \u00fanica: una fusi\u00f3n ideal de berberina HCI, corteza de canela de Ceil\u00e1n org\u00e1nica y mel\u00f3n amargo compartidos crea una potente f\u00f3rmula de bienestar enriquecida con ingredientes puros activos. Esta f\u00f3rmula apoya la fuerza del sistema inmunol\u00f3gico, el bienestar cardiovascular, la salud digestiva y el apoyo general del cuerpo. Para garantizar una pureza y potencia \u00f3ptimas, todos los componentes se miden y procesan meticulosamente para su beneficio.<\/p>\n<p>Manera sencilla de usar: Tomar 3 c\u00e1psulas de berberina al d\u00eda con un suministro de agua, equivalente a 1500 mg para el cuerpo. Cada compra tendr\u00e1 60 c\u00e1psulas por botella para 20 porciones. Una c\u00e1psula vegetariana sin gluten, sin OMG, conveniente y adecuada para vegetarianos.<\/p>\n<p>Estamos seguros de que nuestro producto es una f\u00f3rmula ultra de fuentes de alta calidad que cumplir\u00e1 o superar\u00e1 tus expectativas, por lo que ofrecemos una garant\u00eda de satisfacci\u00f3n. El prop\u00f3sito de Satoomi es proporcionar a nuestros clientes suplementos ventajosos y la calidad general posible. \u00a1Experimenta la diferencia por ti mismo!<\/p>\n<p>&#8212;&#8212;&#8212;&#8212;&#8212;&#8212;&#8212;&#8212;&#8212;&#8212;&#8212;&#8212;&#8212;<br \/>\n&#8212;&#8212;&#8212;&#8212;&#8212;&#8212;&#8212;&#8212;&#8212;&#8212;&#8212;&#8212;&#8212;<\/p>\n<p>INFORMACI\u00d3N IMPORTANTE<br \/>\nSomos facilitadores de comercio exterior, traemos productos desde el exterior para ti y se realiza el proceso con proveedores internacionales. Por lo anterior, pueden existir variaciones de stock y\/o precio, como resultado de la actualizaci\u00f3n autom\u00e1tica realizada diariamente. De presentarse lo anterior, realizamos la devoluci\u00f3n total de su dinero.<br \/>\nPara cambio en talla, color y\/o referencia, contacte con nuestro Servicio al Cliente dentro de las 24 horas siguientes a la generaci\u00f3n de la orden.<\/p>\n<p>PREGUNTAS FRECUENTES<br \/>\n\u00bfTIENE ALGUNA GARANTIA?<br \/>\nNuestros proveedores nos ofrecen garant\u00eda por defectos de fabricaci\u00f3n de 30 d\u00edas la cual extendemos a nuestros clientes.<br \/>\nNo aplicar\u00e1 garant\u00eda en caso de evidenciarse un mal uso por parte del cliente.<\/p>\n<p>\u00bfQUE PUEDO HACER EN CASO DE RETRACTARME DE MI COMPRA?<br \/>\nEn caso de no desear el producto recibido, puede realizar la devoluci\u00f3n dentro de un periodo no mayor a 5 d\u00edas, a partir de la entrega del producto y el comprador debe asumir el costo de retorno al pa\u00eds de origen de la mercanc\u00eda (El costo var\u00eda de acuerdo a Peso y Tama\u00f1o del producto).<\/p>\n<p>\u00a1Gracias por visitar nuestra Tienda, Somos la mejor opci\u00f3n!<\/p>\n","protected":false},"excerpt":{"rendered":"<p>IECOMM SAS Comercio Electronico Internacional Importadores USA &#8212;&#8212;&#8212;&#8212;&#8212;&#8212;&#8212;&#8212;&#8212;&#8212;&#8212;&#8212;&#8212; &#8212;&#8212;&#8212;&#8212;&#8212;&#8212;&#8212;&#8212;&#8212;&#8212;&#8212;&#8212;&#8212; Env\u00edo Nacional Gratuito Entregas 5 y 8 d\u00edas h\u00e1biles Puede variar seg\u00fan disponibilidad No tenemos entrega Inmediata CARACTER\u00cdSTICAS DEL PRODUCTO: Super Fuerza con Berberina 500mg: Berberine HCl es un compuesto derivado de varias plantas, incluidas las ra\u00edces y la corteza de ciertas especies de Berberis, como [&hellip;]<\/p>\n","protected":false},"featured_media":1856,"comment_status":"open","ping_status":"closed","template":"","meta":[],"product_brand":[],"product_cat":[15],"product_tag":[],"class_list":{"0":"post-1857","1":"product","2":"type-product","3":"status-publish","4":"has-post-thumbnail","6":"product_cat-uncategorized","8":"first","9":"instock","10":"sale","11":"shipping-taxable","12":"purchasable","13":"product-type-simple"},"_links":{"self":[{"href":"https:\/\/iecomm.com.co\/index.php?rest_route=\/wp\/v2\/product\/1857","targetHints":{"allow":["GET"]}}],"collection":[{"href":"https:\/\/iecomm.com.co\/index.php?rest_route=\/wp\/v2\/product"}],"about":[{"href":"https:\/\/iecomm.com.co\/index.php?rest_route=\/wp\/v2\/types\/product"}],"replies":[{"embeddable":true,"href":"https:\/\/iecomm.com.co\/index.php?rest_route=%2Fwp%2Fv2%2Fcomments&post=1857"}],"wp:featuredmedia":[{"embeddable":true,"href":"https:\/\/iecomm.com.co\/index.php?rest_route=\/wp\/v2\/media\/1856"}],"wp:attachment":[{"href":"https:\/\/iecomm.com.co\/index.php?rest_route=%2Fwp%2Fv2%2Fmedia&parent=1857"}],"wp:term":[{"taxonomy":"product_brand","embeddable":true,"href":"https:\/\/iecomm.com.co\/index.php?rest_route=%2Fwp%2Fv2%2Fproduct_brand&post=1857"},{"taxonomy":"product_cat","embeddable":true,"href":"https:\/\/iecomm.com.co\/index.php?rest_route=%2Fwp%2Fv2%2Fproduct_cat&post=1857"},{"taxonomy":"product_tag","embeddable":true,"href":"https:\/\/iecomm.com.co\/index.php?rest_route=%2Fwp%2Fv2%2Fproduct_tag&post=1857"}],"curies":[{"name":"wp","href":"https:\/\/api.w.org\/{rel}","templated":true}]}}